CRAN Package Check Results for Package neatmaps

Last updated on 2019-05-01 01:51:55 CEST.

Flavor Version Tinstall Tcheck Ttotal Status Flags
r-devel-linux-x86_64-debian-clang 2.0.0 10.30 101.67 111.97 OK
r-devel-linux-x86_64-debian-gcc 2.0.0 9.97 80.45 90.42 OK
r-devel-linux-x86_64-fedora-clang 2.0.0 129.65 OK
r-devel-linux-x86_64-fedora-gcc 2.0.0 128.77 OK
r-patched-linux-x86_64 2.0.0 10.87 98.21 109.08 OK
r-patched-solaris-x86 2.0.0 193.60 OK
r-release-linux-x86_64 2.0.0 11.24 95.59 106.83 OK
r-release-windows-ix86+x86_64 2.0.0 42.00 162.00 204.00 OK
r-release-osx-x86_64 2.0.0 ERROR
r-oldrel-windows-ix86+x86_64 2.0.0 29.00 157.00 186.00 OK
r-oldrel-osx-x86_64 2.0.0 ERROR

Check Details

Version: 2.0.0
Check: package dependencies
Result: ERROR
    Package required but not available: ‘ConsensusClusterPlus’
    
    See section ‘The DESCRIPTION file’ in the ‘Writing R Extensions’
    manual.
Flavors: r-release-osx-x86_64, r-oldrel-osx-x86_64