Last updated on 2019-05-01 01:51:55 CEST.
Flavor | Version | Tinstall | Tcheck | Ttotal | Status | Flags |
---|---|---|---|---|---|---|
r-devel-linux-x86_64-debian-clang | 1.10 | 8.64 | 133.88 | 142.52 | OK | |
r-devel-linux-x86_64-debian-gcc | 1.10 | 9.11 | 107.80 | 116.91 | OK | |
r-devel-linux-x86_64-fedora-clang | 1.10 | 168.90 | OK | |||
r-devel-linux-x86_64-fedora-gcc | 1.10 | 170.97 | OK | |||
r-patched-linux-x86_64 | 1.10 | 10.32 | 131.29 | 141.61 | OK | |
r-patched-solaris-x86 | 1.10 | 276.40 | OK | |||
r-release-linux-x86_64 | 1.10 | 10.74 | 132.04 | 142.78 | OK | |
r-release-windows-ix86+x86_64 | 1.10 | 27.00 | 187.00 | 214.00 | OK | |
r-release-osx-x86_64 | 1.10 | ERROR | ||||
r-oldrel-windows-ix86+x86_64 | 1.10 | 17.00 | 183.00 | 200.00 | OK | |
r-oldrel-osx-x86_64 | 1.10 | OK |
Version: 1.10
Check: package dependencies
Result: ERROR
Package required but not available: ‘RBGL’
See section ‘The DESCRIPTION file’ in the ‘Writing R Extensions’
manual.
Flavor: r-release-osx-x86_64