CRAN Package Check Results for Package nimble

Last updated on 2019-05-01 01:51:55 CEST.

Flavor Version Tinstall Tcheck Ttotal Status Flags
r-devel-linux-x86_64-debian-clang 0.7.1 216.48 195.77 412.25 OK
r-devel-linux-x86_64-debian-gcc 0.7.1 172.04 153.01 325.05 OK
r-devel-linux-x86_64-fedora-clang 0.7.1 539.44 NOTE
r-devel-linux-x86_64-fedora-gcc 0.7.1 534.04 OK
r-patched-linux-x86_64 0.7.1 208.39 200.09 408.48 OK
r-patched-solaris-x86 0.7.1 839.20 NOTE
r-release-linux-x86_64 0.7.1 205.29 199.74 405.03 OK
r-release-windows-ix86+x86_64 0.7.1 414.00 275.00 689.00 NOTE
r-release-osx-x86_64 0.7.1 NOTE
r-oldrel-windows-ix86+x86_64 0.7.1 455.00 263.00 718.00 NOTE
r-oldrel-osx-x86_64 0.7.1 NOTE

Check Details

Version: 0.7.1
Check: installed package size
Result: NOTE
     installed size is 33.2Mb
     sub-directories of 1Mb or more:
     CppCode 1.1Mb
     R 5.7Mb
     classic-bugs 1.6Mb
     include 5.8Mb
     libs 16.8Mb
     tests 1.5Mb
Flavors: r-devel-linux-x86_64-fedora-clang, r-patched-solaris-x86, r-release-windows-ix86+x86_64, r-release-osx-x86_64, r-oldrel-windows-ix86+x86_64, r-oldrel-osx-x86_64

Version: 0.7.1
Check: whether package can be installed
Result: NOTE
    Found the following notes/warnings:
     Non-staged installation was used
Flavor: r-release-windows-ix86+x86_64