CRAN Package Check Results for Package nlr

Last updated on 2019-05-01 01:51:55 CEST.

Flavor Version Tinstall Tcheck Ttotal Status Flags
r-devel-linux-x86_64-debian-clang 0.1-1 26.87 154.80 181.67 OK
r-devel-linux-x86_64-debian-gcc 0.1-1 22.23 103.32 125.55 ERROR
r-devel-linux-x86_64-fedora-clang 0.1-1 213.67 OK
r-devel-linux-x86_64-fedora-gcc 0.1-1 219.96 OK
r-patched-linux-x86_64 0.1-1 25.45 150.51 175.96 OK
r-patched-solaris-x86 0.1-1 306.50 OK
r-release-linux-x86_64 0.1-1 24.30 154.76 179.06 OK
r-release-windows-ix86+x86_64 0.1-1 57.00 232.00 289.00 OK
r-release-osx-x86_64 0.1-1 OK
r-oldrel-windows-ix86+x86_64 0.1-1 41.00 165.00 206.00 OK
r-oldrel-osx-x86_64 0.1-1 OK

Additional issues

OpenBLAS

Check Details

Version: 0.1-1
Check: examples
Result: ERROR
    Running examples in ‘nlr-Ex.R’ failed
    The error most likely occurred in:
    
    > base::assign(".ptime", proc.time(), pos = "CheckExEnv")
    > ### Name: dfrmest.NLM
    > ### Title: Derivative free MM-estimate
    > ### Aliases: dfrmest.NLM
    > ### Keywords: Robust statistics MM-estimate Optimization
    > ### Levenberg-Marquardt Newton optimization
    >
    > ### ** Examples
    >
    > datalist=list(xr=ntp$dm.k,yr=ntp$cm.k)
    > ntpstart=list(p1=.12,p2=6,p3=1,p4=33)
    > ntpstarttau=list(tau1=-.66,tau2=2,tau3=.04)
    > fittnml <- dfrmest.NLM(formula=nlrobj1[[16]], data = datalist, start=ntpstart,
    + robscale = TRUE, robfunc = nl.robfuncs[["huber"]],control=
    + nlr.control(tolerance=1e-8,trace=TRUE))
    > fittnml$parameters
    Error in slot(x, name) :
     no slot of name "parameters" for this object of class "Fault"
    Calls: $ -> $ -> slot
    Execution halted
Flavor: r-devel-linux-x86_64-debian-gcc