CRAN Package Check Results for Package npsp

Last updated on 2019-05-01 01:51:55 CEST.

Flavor Version Tinstall Tcheck Ttotal Status Flags
r-devel-linux-x86_64-debian-clang 0.5-3 6.91 42.90 49.81 OK
r-devel-linux-x86_64-debian-gcc 0.5-3 6.33 32.88 39.21 OK
r-devel-linux-x86_64-fedora-clang 0.5-3 59.73 NOTE
r-devel-linux-x86_64-fedora-gcc 0.5-3 61.03 NOTE
r-patched-linux-x86_64 0.5-3 6.92 41.80 48.72 OK
r-patched-solaris-x86 0.5-3 90.30 OK
r-release-linux-x86_64 0.5-3 6.68 43.24 49.92 OK
r-release-windows-ix86+x86_64 0.5-3 32.00 95.00 127.00 OK
r-release-osx-x86_64 0.5-3 OK
r-oldrel-windows-ix86+x86_64 0.5-3 27.00 94.00 121.00 OK
r-oldrel-osx-x86_64 0.5-3 OK

Check Details

Version: 0.5-3
Check: compiled code
Result: NOTE
    File ‘npsp/libs/npsp.so’:
     Found no calls to: ‘R_registerRoutines’, ‘R_useDynamicSymbols’
    
    It is good practice to register native routines and to disable symbol
    search.
    
    See ‘Writing portable packages’ in the ‘Writing R Extensions’ manual.
Flavors: r-devel-linux-x86_64-fedora-clang, r-devel-linux-x86_64-fedora-gcc