Last updated on 2019-05-01 01:51:55 CEST.
Flavor | Version | Tinstall | Tcheck | Ttotal | Status | Flags |
---|---|---|---|---|---|---|
r-devel-linux-x86_64-debian-clang | 0.2.2 | 3.80 | 30.16 | 33.96 | OK | |
r-devel-linux-x86_64-debian-gcc | 0.2.2 | 2.55 | 24.67 | 27.22 | OK | |
r-devel-linux-x86_64-fedora-clang | 0.2.2 | 40.35 | NOTE | |||
r-devel-linux-x86_64-fedora-gcc | 0.2.2 | 42.45 | NOTE | |||
r-patched-linux-x86_64 | 0.2.2 | 3.42 | 30.16 | 33.58 | OK | |
r-patched-solaris-x86 | 0.2.2 | 66.30 | OK | |||
r-release-linux-x86_64 | 0.2.2 | 3.40 | 30.25 | 33.65 | OK | |
r-release-windows-ix86+x86_64 | 0.2.2 | 12.00 | 85.00 | 97.00 | OK | |
r-release-osx-x86_64 | 0.2.2 | OK | ||||
r-oldrel-windows-ix86+x86_64 | 0.2.2 | 9.00 | 85.00 | 94.00 | OK | |
r-oldrel-osx-x86_64 | 0.2.2 | OK |
Version: 0.2.2
Check: compiled code
Result: NOTE
File ‘oai/libs/oai.so’:
Found no calls to: ‘R_registerRoutines’, ‘R_useDynamicSymbols’
It is good practice to register native routines and to disable symbol
search.
See ‘Writing portable packages’ in the ‘Writing R Extensions’ manual.
Flavors: r-devel-linux-x86_64-fedora-clang, r-devel-linux-x86_64-fedora-gcc