CRAN Package Check Results for Package optiSel

Last updated on 2019-05-01 01:51:56 CEST.

Flavor Version Tinstall Tcheck Ttotal Status Flags
r-devel-linux-x86_64-debian-clang 2.0.2 124.68 250.07 374.75 OK
r-devel-linux-x86_64-debian-gcc 2.0.2 88.41 192.03 280.44 OK
r-devel-linux-x86_64-fedora-clang 2.0.2 526.09 NOTE
r-devel-linux-x86_64-fedora-gcc 2.0.2 516.93 OK
r-patched-linux-x86_64 2.0.2 113.31 237.32 350.63 OK
r-patched-solaris-x86 2.0.2 683.50 OK
r-release-linux-x86_64 2.0.2 117.39 241.53 358.92 OK
r-release-windows-ix86+x86_64 2.0.2 389.00 469.00 858.00 OK
r-release-osx-x86_64 2.0.2 WARN
r-oldrel-windows-ix86+x86_64 2.0.2 369.00 336.00 705.00 OK
r-oldrel-osx-x86_64 2.0.2 WARN

Additional issues

valgrind

Check Details

Version: 2.0.2
Check: installed package size
Result: NOTE
     installed size is 6.0Mb
     sub-directories of 1Mb or more:
     extdata 1.8Mb
     libs 3.1Mb
Flavors: r-devel-linux-x86_64-fedora-clang, r-release-osx-x86_64, r-oldrel-osx-x86_64

Version: 2.0.2
Check: whether package can be installed
Result: WARN
    Found the following significant warnings:
     Warning: 'rgl_init' failed, running with rgl.useNULL = TRUE
Flavors: r-release-osx-x86_64, r-oldrel-osx-x86_64