CRAN Package Check Results for Package packagefinder

Last updated on 2019-05-01 01:51:56 CEST.

Flavor Version Tinstall Tcheck Ttotal Status Flags
r-devel-linux-x86_64-debian-clang 0.1.2 2.40 32.11 34.51 OK
r-devel-linux-x86_64-debian-gcc 0.1.2 2.20 26.66 28.86 OK
r-devel-linux-x86_64-fedora-clang 0.1.2 35.08 ERROR
r-devel-linux-x86_64-fedora-gcc 0.1.2 33.58 ERROR
r-patched-linux-x86_64 0.1.2 2.44 32.44 34.88 OK
r-patched-solaris-x86 0.1.2 60.80 OK
r-release-linux-x86_64 0.1.2 2.49 32.21 34.70 OK
r-release-windows-ix86+x86_64 0.1.2 6.00 44.00 50.00 OK
r-release-osx-x86_64 0.1.2 OK
r-oldrel-windows-ix86+x86_64 0.1.2 4.00 57.00 61.00 OK
r-oldrel-osx-x86_64 0.1.2 OK

Check Details

Version: 0.1.2
Check: examples
Result: ERROR
    Running examples in ‘packagefinder-Ex.R’ failed
    The error most likely occurred in:
    
    > ### Name: packageDetails
    > ### Title: Showing information about a package
    > ### Aliases: packageDetails
    >
    > ### ** Examples
    >
    > packageDetails("ggplot2")
    
    Package ggplot2
    
    Title: An implementation of the Grammar of Graphics
    
    Long description:
    An implementation of the grammar of graphics
    in R. It combines the advantages of both base and
    lattice graphics: conditioning and shared axes are
    handled automatically, and you can still build up a
    plot step by step from multiple data sources. It also
    implements a sophisticated multidimensional
    conditioning system and a consistent interface to map
    data to aesthetic attributes. See the ggplot2 website
    for more information, documentation and examples.
    
    Publish date: 2014-05-21
    
    Version: 1.0.0
    
    License: GPL-2
    
    Maintainer: Hadley Wickham <h.wickham@gmail.com>
    
    Error in if (!is.na(searchindex$index$MAILINGLIST[go.num])) packageElement("Mailing list", :
     argument is of length zero
    Calls: packageDetails
    Execution halted
Flavors: r-devel-linux-x86_64-fedora-clang, r-devel-linux-x86_64-fedora-gcc