CRAN Package Check Results for Package parsemsf

Last updated on 2019-05-01 01:51:56 CEST.

Flavor Version Tinstall Tcheck Ttotal Status Flags
r-devel-linux-x86_64-debian-clang 0.1.1 3.25 44.38 47.63 OK
r-devel-linux-x86_64-debian-gcc 0.1.1 2.61 34.33 36.94 OK
r-devel-linux-x86_64-fedora-clang 0.1.1 55.99 NOTE
r-devel-linux-x86_64-fedora-gcc 0.1.1 59.97 NOTE
r-patched-linux-x86_64 0.1.1 3.71 42.78 46.49 OK
r-patched-solaris-x86 0.1.1 88.50 NOTE
r-release-linux-x86_64 0.1.1 3.26 42.87 46.13 OK
r-release-windows-ix86+x86_64 0.1.1 11.00 86.00 97.00 OK
r-release-osx-x86_64 0.1.1 NOTE
r-oldrel-windows-ix86+x86_64 0.1.1 7.00 77.00 84.00 OK
r-oldrel-osx-x86_64 0.1.1 NOTE

Check Details

Version: 0.1.1
Check: dependencies in R code
Result: NOTE
    Namespace in Imports field not imported from: ‘dbplyr’
     All declared Imports should be used.
Flavors: r-devel-linux-x86_64-fedora-clang, r-devel-linux-x86_64-fedora-gcc, r-patched-solaris-x86, r-release-osx-x86_64, r-oldrel-osx-x86_64