Last updated on 2019-05-01 01:51:56 CEST.
Flavor | Version | Tinstall | Tcheck | Ttotal | Status | Flags |
---|---|---|---|---|---|---|
r-devel-linux-x86_64-debian-clang | 1.3.0 | 25.02 | 388.65 | 413.67 | OK | |
r-devel-linux-x86_64-debian-gcc | 1.3.0 | 21.26 | 292.47 | 313.73 | OK | |
r-devel-linux-x86_64-fedora-clang | 1.3.0 | 481.57 | NOTE | |||
r-devel-linux-x86_64-fedora-gcc | 1.3.0 | 484.76 | NOTE | |||
r-patched-linux-x86_64 | 1.3.0 | 22.47 | 369.92 | 392.39 | OK | |
r-patched-solaris-x86 | 1.3.0 | 616.30 | NOTE | |||
r-release-linux-x86_64 | 1.3.0 | 22.51 | 369.75 | 392.26 | OK | |
r-release-windows-ix86+x86_64 | 1.3.0 | 324.00 | 1060.00 | 1384.00 | NOTE | |
r-release-osx-x86_64 | 1.3.0 | ERROR | ||||
r-oldrel-windows-ix86+x86_64 | 1.3.0 | 252.00 | 1174.00 | 1426.00 | NOTE | |
r-oldrel-osx-x86_64 | 1.3.0 | ERROR |
Version: 1.3.0
Check: installed package size
Result: NOTE
installed size is 13.7Mb
sub-directories of 1Mb or more:
data 2.6Mb
doc 1.3Mb
extdata 9.5Mb
Flavors: r-devel-linux-x86_64-fedora-clang, r-patched-solaris-x86, r-release-windows-ix86+x86_64, r-oldrel-windows-ix86+x86_64
Version: 1.3.0
Check: dependencies in R code
Result: NOTE
Namespace in Imports field not imported from: ‘AnnotationDbi’
All declared Imports should be used.
Flavors: r-devel-linux-x86_64-fedora-clang, r-devel-linux-x86_64-fedora-gcc, r-patched-solaris-x86
Version: 1.3.0
Check: package dependencies
Result: ERROR
Packages required but not available:
'pathview', 'AnnotationDbi', 'org.Hs.eg.db'
See section ‘The DESCRIPTION file’ in the ‘Writing R Extensions’
manual.
Flavor: r-release-osx-x86_64
Version: 1.3.0
Check: package dependencies
Result: ERROR
Package required but not available: ‘pathview’
See section ‘The DESCRIPTION file’ in the ‘Writing R Extensions’
manual.
Flavor: r-oldrel-osx-x86_64