CRAN Package Check Results for Package patternplot

Last updated on 2019-05-01 01:51:56 CEST.

Flavor Version Tinstall Tcheck Ttotal Status Flags
r-devel-linux-x86_64-debian-clang 0.2.1 30.53 76.39 106.92 NOTE
r-devel-linux-x86_64-debian-gcc 0.2.1 23.80 57.86 81.66 NOTE
r-devel-linux-x86_64-fedora-clang 0.2.1 135.51 NOTE
r-devel-linux-x86_64-fedora-gcc 0.2.1 135.82 NOTE
r-patched-linux-x86_64 0.2.1 27.47 72.04 99.51 NOTE
r-patched-solaris-x86 0.2.1 197.90 NOTE
r-release-linux-x86_64 0.2.1 28.60 72.68 101.28 NOTE
r-release-windows-ix86+x86_64 0.2.1 101.00 157.00 258.00 NOTE
r-release-osx-x86_64 0.2.1 NOTE
r-oldrel-windows-ix86+x86_64 0.2.1 88.00 119.00 207.00 NOTE
r-oldrel-osx-x86_64 0.2.1 NOTE

Check Details

Version: 0.2.1
Check: for GNU extensions in Makefiles
Result: NOTE
    GNU make is a SystemRequirements.
Flavors: r-devel-linux-x86_64-debian-clang, r-devel-linux-x86_64-debian-gcc, r-devel-linux-x86_64-fedora-clang, r-devel-linux-x86_64-fedora-gcc, r-patched-linux-x86_64, r-patched-solaris-x86, r-release-linux-x86_64, r-release-windows-ix86+x86_64, r-release-osx-x86_64, r-oldrel-windows-ix86+x86_64, r-oldrel-osx-x86_64