Last updated on 2019-05-01 01:51:57 CEST.
Flavor | Version | Tinstall | Tcheck | Ttotal | Status | Flags |
---|---|---|---|---|---|---|
r-devel-linux-x86_64-debian-clang | 0.2.0 | 47.55 | 264.53 | 312.08 | OK | |
r-devel-linux-x86_64-debian-gcc | 0.2.0 | 39.82 | 311.88 | 351.70 | OK | |
r-devel-linux-x86_64-fedora-clang | 0.2.0 | 367.57 | NOTE | |||
r-devel-linux-x86_64-fedora-gcc | 0.2.0 | 366.77 | NOTE | |||
r-patched-linux-x86_64 | 0.2.0 | 47.72 | 249.52 | 297.24 | OK | |
r-patched-solaris-x86 | 0.2.0 | 50.20 | ERROR | |||
r-release-linux-x86_64 | 0.2.0 | 47.15 | 255.61 | 302.76 | OK | |
r-release-windows-ix86+x86_64 | 0.2.0 | 108.00 | 405.00 | 513.00 | OK | |
r-release-osx-x86_64 | 0.2.0 | NOTE | ||||
r-oldrel-windows-ix86+x86_64 | 0.2.0 | 123.00 | 543.00 | 666.00 | OK | |
r-oldrel-osx-x86_64 | 0.2.0 | NOTE |
Version: 0.2.0
Check: dependencies in R code
Result: NOTE
Namespace in Imports field not imported from: ‘DT’
All declared Imports should be used.
Flavors: r-devel-linux-x86_64-fedora-clang, r-devel-linux-x86_64-fedora-gcc, r-release-osx-x86_64, r-oldrel-osx-x86_64
Version: 0.2.0
Check: whether package can be installed
Result: ERROR
Installation failed.
Flavor: r-patched-solaris-x86