Last updated on 2019-05-01 01:51:57 CEST.
Flavor | Version | Tinstall | Tcheck | Ttotal | Status | Flags |
---|---|---|---|---|---|---|
r-devel-linux-x86_64-debian-clang | 0.1.2 | 3.89 | 56.31 | 60.20 | OK | |
r-devel-linux-x86_64-debian-gcc | 0.1.2 | 3.23 | 43.14 | 46.37 | OK | |
r-devel-linux-x86_64-fedora-clang | 0.1.2 | 68.43 | OK | |||
r-devel-linux-x86_64-fedora-gcc | 0.1.2 | 69.23 | OK | |||
r-patched-linux-x86_64 | 0.1.2 | 3.83 | 54.66 | 58.49 | OK | |
r-patched-solaris-x86 | 0.1.2 | 95.50 | OK | |||
r-release-linux-x86_64 | 0.1.2 | 3.66 | 54.94 | 58.60 | OK | |
r-release-windows-ix86+x86_64 | 0.1.2 | 10.00 | 64.00 | 74.00 | OK | |
r-release-osx-x86_64 | 0.1.2 | NOTE | ||||
r-oldrel-windows-ix86+x86_64 | 0.1.2 | 9.00 | 91.00 | 100.00 | OK | |
r-oldrel-osx-x86_64 | 0.1.2 | OK |
Version: 0.1.2
Check: Rd cross-references
Result: NOTE
Package unavailable to check Rd xrefs: ‘S4Vectors’
Flavor: r-release-osx-x86_64