CRAN Package Check Results for Package plotluck

Last updated on 2019-05-01 01:51:57 CEST.

Flavor Version Tinstall Tcheck Ttotal Status Flags
r-devel-linux-x86_64-debian-clang 1.1.0 5.70 137.32 143.02 OK
r-devel-linux-x86_64-debian-gcc 1.1.0 4.29 105.10 109.39 OK
r-devel-linux-x86_64-fedora-clang 1.1.0 163.32 NOTE
r-devel-linux-x86_64-fedora-gcc 1.1.0 164.13 NOTE
r-patched-linux-x86_64 1.1.0 5.72 133.42 139.14 OK
r-patched-solaris-x86 1.1.0 237.50 NOTE
r-release-linux-x86_64 1.1.0 5.24 133.57 138.81 OK
r-release-windows-ix86+x86_64 1.1.0 17.00 202.00 219.00 OK
r-release-osx-x86_64 1.1.0 NOTE
r-oldrel-windows-ix86+x86_64 1.1.0 10.00 212.00 222.00 OK
r-oldrel-osx-x86_64 1.1.0 NOTE

Check Details

Version: 1.1.0
Check: dependencies in R code
Result: NOTE
    Namespaces in Imports field not imported from:
     ‘hexbin’ ‘quantreg’
     All declared Imports should be used.
Flavors: r-devel-linux-x86_64-fedora-clang, r-devel-linux-x86_64-fedora-gcc, r-patched-solaris-x86, r-release-osx-x86_64, r-oldrel-osx-x86_64