CRAN Package Check Results for Package plyr

Last updated on 2019-05-01 01:51:57 CEST.

Flavor Version Tinstall Tcheck Ttotal Status Flags
r-devel-linux-x86_64-debian-clang 1.8.4 17.36 61.24 78.60 OK
r-devel-linux-x86_64-debian-gcc 1.8.4 13.27 48.30 61.57 OK
r-devel-linux-x86_64-fedora-clang 1.8.4 99.52 NOTE
r-devel-linux-x86_64-fedora-gcc 1.8.4 94.86 NOTE
r-patched-linux-x86_64 1.8.4 15.99 61.74 77.73 OK
r-patched-solaris-x86 1.8.4 120.90 OK
r-release-linux-x86_64 1.8.4 16.24 61.62 77.86 OK
r-release-windows-ix86+x86_64 1.8.4 51.00 152.00 203.00 OK
r-release-osx-x86_64 1.8.4 OK
r-oldrel-windows-ix86+x86_64 1.8.4 47.00 151.00 198.00 OK
r-oldrel-osx-x86_64 1.8.4 NOTE

Check Details

Version: 1.8.4
Check: compiled code
Result: NOTE
    File ‘plyr/libs/plyr.so’:
     Found no calls to: ‘R_registerRoutines’, ‘R_useDynamicSymbols’
    
    It is good practice to register native routines and to disable symbol
    search.
    
    See ‘Writing portable packages’ in the ‘Writing R Extensions’ manual.
Flavors: r-devel-linux-x86_64-fedora-clang, r-devel-linux-x86_64-fedora-gcc

Version: 1.8.4
Check: Rd \usage sections
Result: NOTE
    S3 methods shown with full name in documentation object 'rbind.fill':
     ‘rbind.fill’
    
    S3 methods shown with full name in documentation object 'rbind.fill.matrix':
     ‘rbind.fill.matrix’
    
    The \usage entries for S3 methods should use the \method markup and not
    their full name.
    See chapter ‘Writing R documentation files’ in the ‘Writing R
    Extensions’ manual.
Flavor: r-oldrel-osx-x86_64