Last updated on 2019-05-01 01:51:57 CEST.
Flavor | Version | Tinstall | Tcheck | Ttotal | Status | Flags |
---|---|---|---|---|---|---|
r-devel-linux-x86_64-debian-clang | 0.1.1 | 9.03 | 55.06 | 64.09 | OK | |
r-devel-linux-x86_64-debian-gcc | 0.1.1 | 7.82 | 43.00 | 50.82 | OK | |
r-devel-linux-x86_64-fedora-clang | 0.1.1 | 75.65 | NOTE | |||
r-devel-linux-x86_64-fedora-gcc | 0.1.1 | 74.17 | NOTE | |||
r-patched-linux-x86_64 | 0.1.1 | 9.67 | 54.11 | 63.78 | OK | |
r-patched-solaris-x86 | 0.1.1 | 100.70 | NOTE | |||
r-release-linux-x86_64 | 0.1.1 | 9.15 | 53.71 | 62.86 | OK | |
r-release-windows-ix86+x86_64 | 0.1.1 | 22.00 | 95.00 | 117.00 | OK | |
r-release-osx-x86_64 | 0.1.1 | NOTE | ||||
r-oldrel-windows-ix86+x86_64 | 0.1.1 | 14.00 | 90.00 | 104.00 | OK | |
r-oldrel-osx-x86_64 | 0.1.1 | NOTE |
Version: 0.1.1
Check: dependencies in R code
Result: NOTE
Namespaces in Imports field not imported from:
‘GGally’ ‘PKNCA’ ‘grid’ ‘magrittr’ ‘plyr’
All declared Imports should be used.
Flavors: r-devel-linux-x86_64-fedora-clang, r-devel-linux-x86_64-fedora-gcc, r-patched-solaris-x86, r-release-osx-x86_64, r-oldrel-osx-x86_64