CRAN Package Check Results for Package prcbench

Last updated on 2019-05-01 01:51:58 CEST.

Flavor Version Tinstall Tcheck Ttotal Status Flags
r-devel-linux-x86_64-debian-clang 0.8 8.52 277.03 285.55 OK
r-devel-linux-x86_64-debian-gcc 0.8 7.83 230.61 238.44 OK
r-devel-linux-x86_64-fedora-clang 0.8 312.24 OK
r-devel-linux-x86_64-fedora-gcc 0.8 280.15 OK
r-patched-linux-x86_64 0.8 7.48 264.72 272.20 OK
r-patched-solaris-x86 0.8 403.70 OK
r-release-linux-x86_64 0.8 8.51 268.70 277.21 OK
r-release-windows-ix86+x86_64 0.8 21.00 350.00 371.00 OK
r-release-osx-x86_64 0.8 NOTE
r-oldrel-windows-ix86+x86_64 0.8 17.00 350.00 367.00 OK
r-oldrel-osx-x86_64 0.8 OK

Check Details

Version: 0.8
Check: package dependencies
Result: NOTE
    Package suggested but not available for checking: ‘PerfMeas’
Flavor: r-release-osx-x86_64