Last updated on 2019-05-01 01:51:58 CEST.
Flavor | Version | Tinstall | Tcheck | Ttotal | Status | Flags |
---|---|---|---|---|---|---|
r-devel-linux-x86_64-debian-clang | 1.0.4 | 1.69 | 16.74 | 18.43 | OK | |
r-devel-linux-x86_64-debian-gcc | 1.0.4 | 1.60 | 13.96 | 15.56 | OK | |
r-devel-linux-x86_64-fedora-clang | 1.0.4 | 22.49 | NOTE | |||
r-devel-linux-x86_64-fedora-gcc | 1.0.4 | 22.09 | NOTE | |||
r-patched-linux-x86_64 | 1.0.4 | 2.08 | 16.82 | 18.90 | OK | |
r-patched-solaris-x86 | 1.0.4 | 3.80 | ERROR | |||
r-release-linux-x86_64 | 1.0.4 | 1.84 | 16.65 | 18.49 | OK | |
r-release-windows-ix86+x86_64 | 1.0.4 | 11.00 | 45.00 | 56.00 | OK | |
r-release-osx-x86_64 | 1.0.4 | NOTE | ||||
r-oldrel-windows-ix86+x86_64 | 1.0.4 | 7.00 | 40.00 | 47.00 | OK | |
r-oldrel-osx-x86_64 | 1.0.4 | NOTE |
Version: 1.0.4
Check: dependencies in R code
Result: NOTE
Namespaces in Imports field not imported from:
‘DT’ ‘ROCR’ ‘ada’ ‘colourpicker’ ‘corrplot’ ‘e1071’ ‘flexdashboard’
‘kknn’ ‘neuralnet’ ‘randomForest’ ‘rattle’ ‘rpart’ ‘scatterplot3d’
‘shinyAce’ ‘shinyWidgets’ ‘shinydashboardPlus’ ‘shinyjs’ ‘tidyverse’
‘xgboost’ ‘zip’
All declared Imports should be used.
Flavors: r-devel-linux-x86_64-fedora-clang, r-devel-linux-x86_64-fedora-gcc, r-release-osx-x86_64, r-oldrel-osx-x86_64
Version: 1.0.4
Check: package dependencies
Result: ERROR
Package required but not available: ‘xgboost’
See section ‘The DESCRIPTION file’ in the ‘Writing R Extensions’
manual.
Flavor: r-patched-solaris-x86