Last updated on 2019-05-01 01:51:58 CEST.
Flavor | Version | Tinstall | Tcheck | Ttotal | Status | Flags |
---|---|---|---|---|---|---|
r-devel-linux-x86_64-debian-clang | 3.3 | 14.19 | 102.04 | 116.23 | OK | |
r-devel-linux-x86_64-debian-gcc | 3.3 | 11.81 | 78.01 | 89.82 | OK | |
r-devel-linux-x86_64-fedora-clang | 3.3 | 138.65 | OK | |||
r-devel-linux-x86_64-fedora-gcc | 3.3 | 134.40 | OK | |||
r-patched-linux-x86_64 | 3.3 | 13.18 | 97.37 | 110.55 | OK | |
r-patched-solaris-x86 | 3.3 | 203.20 | OK | |||
r-release-linux-x86_64 | 3.3 | 12.52 | 98.66 | 111.18 | OK | |
r-release-windows-ix86+x86_64 | 3.3 | 47.00 | 170.00 | 217.00 | OK | |
r-release-osx-x86_64 | 3.3 | FAIL | ||||
r-oldrel-windows-ix86+x86_64 | 3.3 | 34.00 | 160.00 | 194.00 | OK | |
r-oldrel-osx-x86_64 | 3.3 | OK |
Version: 3.3
Check: dependencies in R code
Result: FAIL
Flavor: r-release-osx-x86_64