CRAN Package Check Results for Package proustr

Last updated on 2019-05-01 01:51:58 CEST.

Flavor Version Tinstall Tcheck Ttotal Status Flags
r-devel-linux-x86_64-debian-clang 0.4.0 6.08 41.25 47.33 OK
r-devel-linux-x86_64-debian-gcc 0.4.0 4.84 33.18 38.02 OK
r-devel-linux-x86_64-fedora-clang 0.4.0 60.61 NOTE
r-devel-linux-x86_64-fedora-gcc 0.4.0 61.22 NOTE
r-patched-linux-x86_64 0.4.0 5.96 40.85 46.81 OK
r-patched-solaris-x86 0.4.0 113.90 NOTE
r-release-linux-x86_64 0.4.0 5.87 40.40 46.27 OK
r-release-windows-ix86+x86_64 0.4.0 16.00 89.00 105.00 OK
r-release-osx-x86_64 0.4.0 NOTE
r-oldrel-windows-ix86+x86_64 0.4.0 10.00 88.00 98.00 OK
r-oldrel-osx-x86_64 0.4.0 NOTE

Check Details

Version: 0.4.0
Check: data for non-ASCII characters
Result: NOTE
     Note: found 12717 marked UTF-8 strings
Flavors: r-devel-linux-x86_64-fedora-clang, r-devel-linux-x86_64-fedora-gcc, r-patched-solaris-x86, r-release-osx-x86_64, r-oldrel-osx-x86_64