CRAN Package Check Results for Package pspearman

Last updated on 2019-05-01 01:51:58 CEST.

Flavor Version Tinstall Tcheck Ttotal Status Flags
r-devel-linux-x86_64-debian-clang 0.3-0 1.97 16.96 18.93 NOTE
r-devel-linux-x86_64-debian-gcc 0.3-0 1.65 14.40 16.05 NOTE
r-devel-linux-x86_64-fedora-clang 0.3-0 22.84 NOTE
r-devel-linux-x86_64-fedora-gcc 0.3-0 22.09 NOTE
r-patched-linux-x86_64 0.3-0 1.75 16.92 18.67 NOTE
r-patched-solaris-x86 0.3-0 35.60 NOTE
r-release-linux-x86_64 0.3-0 1.81 17.32 19.13 NOTE
r-release-windows-ix86+x86_64 0.3-0 9.00 29.00 38.00 NOTE
r-release-osx-x86_64 0.3-0 NOTE
r-oldrel-windows-ix86+x86_64 0.3-0 5.00 29.00 34.00 NOTE
r-oldrel-osx-x86_64 0.3-0 NOTE

Check Details

Version: 0.3-0
Check: R code for possible problems
Result: NOTE
    pspearman: no visible global function definition for 'pt'
    spearman.test: no visible global function definition for
     'complete.cases'
    spearman.test: no visible global function definition for 'cor'
    Undefined global functions or variables:
     complete.cases cor pt
    Consider adding
     importFrom("stats", "complete.cases", "cor", "pt")
    to your NAMESPACE file.
Flavors: r-devel-linux-x86_64-debian-clang, r-devel-linux-x86_64-debian-gcc, r-devel-linux-x86_64-fedora-clang, r-devel-linux-x86_64-fedora-gcc, r-patched-linux-x86_64, r-patched-solaris-x86, r-release-linux-x86_64, r-release-windows-ix86+x86_64, r-release-osx-x86_64, r-oldrel-windows-ix86+x86_64, r-oldrel-osx-x86_64

Version: 0.3-0
Check: compiled code
Result: NOTE
    File ‘pspearman/libs/pspearman.so’:
     Found no calls to: ‘R_registerRoutines’, ‘R_useDynamicSymbols’
    
    It is good practice to register native routines and to disable symbol
    search.
    
    See ‘Writing portable packages’ in the ‘Writing R Extensions’ manual.
Flavors: r-devel-linux-x86_64-fedora-clang, r-devel-linux-x86_64-fedora-gcc