CRAN Package Check Results for Package qpdf

Last updated on 2019-05-01 01:51:58 CEST.

Flavor Version Tinstall Tcheck Ttotal Status Flags
r-devel-linux-x86_64-debian-clang 1.1 122.40 23.61 146.01 OK
r-devel-linux-x86_64-debian-gcc 1.1 99.69 19.59 119.28 OK
r-devel-linux-x86_64-fedora-clang 1.1 253.15 NOTE
r-devel-linux-x86_64-fedora-gcc 1.1 204.09 OK
r-patched-linux-x86_64 1.1 118.14 23.93 142.07 OK
r-patched-solaris-x86 1.1 189.70 OK
r-release-linux-x86_64 1.1 112.53 23.54 136.07 OK
r-release-windows-ix86+x86_64 1.1 350.00 82.00 432.00 OK
r-release-osx-x86_64 1.1 NOTE
r-oldrel-windows-ix86+x86_64 1.1 373.00 83.00 456.00 OK
r-oldrel-osx-x86_64 1.1 NOTE

Check Details

Version: 1.1
Check: installed package size
Result: NOTE
     installed size is 13.1Mb
     sub-directories of 1Mb or more:
     libs 13.0Mb
Flavors: r-devel-linux-x86_64-fedora-clang, r-release-osx-x86_64, r-oldrel-osx-x86_64