CRAN Package Check Results for Package qrLMM

Last updated on 2019-05-01 01:51:58 CEST.

Flavor Version Tinstall Tcheck Ttotal Status Flags
r-devel-linux-x86_64-debian-clang 1.3 9.60 69.53 79.13 OK
r-devel-linux-x86_64-debian-gcc 1.3 8.10 58.38 66.48 OK
r-devel-linux-x86_64-fedora-clang 1.3 99.16 OK
r-devel-linux-x86_64-fedora-gcc 1.3 98.12 OK
r-patched-linux-x86_64 1.3 10.27 70.85 81.12 OK
r-patched-solaris-x86 1.3 166.30 OK
r-release-linux-x86_64 1.3 10.82 70.66 81.48 OK
r-release-windows-ix86+x86_64 1.3 23.00 104.00 127.00 OK
r-release-osx-x86_64 1.3 FAIL
r-oldrel-windows-ix86+x86_64 1.3 13.00 78.00 91.00 OK
r-oldrel-osx-x86_64 1.3 OK

Check Details

Version: 1.3
Check: whether package can be installed
Result: FAIL
    
Flavor: r-release-osx-x86_64