Last updated on 2019-05-01 01:51:58 CEST.
Flavor | Version | Tinstall | Tcheck | Ttotal | Status | Flags |
---|---|---|---|---|---|---|
r-devel-linux-x86_64-debian-clang | 1.4 | 11.13 | 69.16 | 80.29 | OK | |
r-devel-linux-x86_64-debian-gcc | 1.4 | 7.65 | 58.03 | 65.68 | OK | |
r-devel-linux-x86_64-fedora-clang | 1.4 | 97.86 | OK | |||
r-devel-linux-x86_64-fedora-gcc | 1.4 | 96.87 | OK | |||
r-patched-linux-x86_64 | 1.4 | 10.75 | 71.75 | 82.50 | OK | |
r-patched-solaris-x86 | 1.4 | 164.00 | OK | |||
r-release-linux-x86_64 | 1.4 | 10.87 | 69.81 | 80.68 | OK | |
r-release-windows-ix86+x86_64 | 1.4 | 24.00 | 104.00 | 128.00 | OK | |
r-release-osx-x86_64 | 1.4 | FAIL | ||||
r-oldrel-windows-ix86+x86_64 | 1.4 | 13.00 | 75.00 | 88.00 | OK | |
r-oldrel-osx-x86_64 | 1.4 | OK |
Version: 1.4
Check: whether package can be installed
Result: FAIL
Flavor: r-release-osx-x86_64