CRAN Package Check Results for Package qtlnet

Last updated on 2019-05-01 01:51:59 CEST.

Flavor Version Tinstall Tcheck Ttotal Status Flags
r-devel-linux-x86_64-debian-clang 1.4.4 21.56 179.80 201.36 OK
r-devel-linux-x86_64-debian-gcc 1.4.4 19.70 141.06 160.76 OK
r-devel-linux-x86_64-fedora-clang 1.4.4 219.68 OK
r-devel-linux-x86_64-fedora-gcc 1.4.4 215.87 OK
r-patched-linux-x86_64 1.4.4 20.56 180.46 201.02 OK
r-patched-solaris-x86 1.4.4 318.00 OK
r-release-linux-x86_64 1.4.4 21.30 178.87 200.17 OK
r-release-windows-ix86+x86_64 1.4.4 52.00 233.00 285.00 OK
r-release-osx-x86_64 1.4.4 ERROR
r-oldrel-windows-ix86+x86_64 1.4.4 36.00 229.00 265.00 OK
r-oldrel-osx-x86_64 1.4.4 OK

Check Details

Version: 1.4.4
Check: package dependencies
Result: ERROR
    Packages required but not available: 'graph', 'pcalg'
    
    See section ‘The DESCRIPTION file’ in the ‘Writing R Extensions’
    manual.
Flavor: r-release-osx-x86_64