CRAN Package Check Results for Package quadmesh

Last updated on 2019-05-01 01:51:59 CEST.

Flavor Version Tinstall Tcheck Ttotal Status Flags
r-devel-linux-x86_64-debian-clang 0.4.0 9.66 98.17 107.83 OK
r-devel-linux-x86_64-debian-gcc 0.4.0 7.28 80.50 87.78 OK
r-devel-linux-x86_64-fedora-clang 0.4.0 131.09 OK
r-devel-linux-x86_64-fedora-gcc 0.4.0 130.11 OK
r-patched-linux-x86_64 0.4.0 9.21 97.90 107.11 OK
r-patched-solaris-x86 0.4.0 155.90 WARN
r-release-linux-x86_64 0.4.0 7.45 97.66 105.11 OK
r-release-windows-ix86+x86_64 0.4.0 24.00 143.00 167.00 OK
r-release-osx-x86_64 0.4.0 WARN
r-oldrel-windows-ix86+x86_64 0.4.0 15.00 137.00 152.00 OK
r-oldrel-osx-x86_64 0.4.0 WARN

Check Details

Version: 0.4.0
Check: installed package size
Result: NOTE
     installed size is 5.0Mb
     sub-directories of 1Mb or more:
     doc 2.9Mb
     help 1.1Mb
Flavor: r-patched-solaris-x86

Version: 0.4.0
Check: re-building of vignette outputs
Result: WARN
    Error(s) in re-building vignettes:
     ...
    --- re-building ‘quadmesh.Rmd’ using rmarkdown
    Warning in engine$weave(file, quiet = quiet, encoding = enc) :
     Pandoc (>= 1.12.3) and/or pandoc-citeproc not available. Falling back to R Markdown v1.
    Quitting from lines 20-35 (quadmesh.Rmd)
    Error: processing vignette 'quadmesh.Rmd' failed with diagnostics:
    cannot open the connection
    --- failed re-building ‘quadmesh.Rmd’
    
    --- re-building ‘topography.Rmd’ using rmarkdown
    Warning in engine$weave(file, quiet = quiet, encoding = enc) :
     Pandoc (>= 1.12.3) and/or pandoc-citeproc not available. Falling back to R Markdown v1.
    Quitting from lines 19-33 (topography.Rmd)
    Error: processing vignette 'topography.Rmd' failed with diagnostics:
    cannot open the connection
    --- failed re-building ‘topography.Rmd’
    
    SUMMARY: processing the following files failed:
     ‘quadmesh.Rmd’ ‘topography.Rmd’
    
    Error: Vignette re-building failed.
    Execution halted
Flavors: r-patched-solaris-x86, r-release-osx-x86_64

Version: 0.4.0
Check: re-building of vignette outputs
Result: WARN
    Error in re-building vignettes:
     ...
    Warning in engine$weave(file, quiet = quiet, encoding = enc) :
     Pandoc (>= 1.12.3) and/or pandoc-citeproc not available. Falling back to R Markdown v1.
    Quitting from lines 20-35 (quadmesh.Rmd)
    Error: processing vignette 'quadmesh.Rmd' failed with diagnostics:
    cannot open the connection
    Execution halted
Flavor: r-oldrel-osx-x86_64