Last updated on 2019-05-01 01:51:59 CEST.
Flavor | Version | Tinstall | Tcheck | Ttotal | Status | Flags |
---|---|---|---|---|---|---|
r-devel-linux-x86_64-debian-clang | 0.4.3 | 26.05 | 36.79 | 62.84 | NOTE | |
r-devel-linux-x86_64-debian-gcc | 0.4.3 | 22.30 | 30.08 | 52.38 | NOTE | |
r-devel-linux-x86_64-fedora-clang | 0.4.3 | 89.30 | NOTE | |||
r-devel-linux-x86_64-fedora-gcc | 0.4.3 | 85.76 | NOTE | |||
r-patched-linux-x86_64 | 0.4.3 | 24.79 | 37.80 | 62.59 | NOTE | |
r-patched-solaris-x86 | 0.4.3 | 108.60 | WARN | |||
r-release-linux-x86_64 | 0.4.3 | 24.59 | 37.03 | 61.62 | NOTE | |
r-release-windows-ix86+x86_64 | 0.4.3 | 78.00 | 87.00 | 165.00 | NOTE | |
r-release-osx-x86_64 | 0.4.3 | WARN | ||||
r-oldrel-windows-ix86+x86_64 | 0.4.3 | 76.00 | 87.00 | 163.00 | NOTE | |
r-oldrel-osx-x86_64 | 0.4.3 | WARN |
Version: 0.4.3
Check: for GNU extensions in Makefiles
Result: NOTE
GNU make is a SystemRequirements.
Flavors: r-devel-linux-x86_64-debian-clang, r-devel-linux-x86_64-debian-gcc, r-devel-linux-x86_64-fedora-clang, r-devel-linux-x86_64-fedora-gcc, r-patched-linux-x86_64, r-patched-solaris-x86, r-release-linux-x86_64, r-release-windows-ix86+x86_64, r-release-osx-x86_64, r-oldrel-windows-ix86+x86_64, r-oldrel-osx-x86_64
Version: 0.4.3
Check: re-building of vignette outputs
Result: WARN
Error(s) in re-building vignettes:
...
--- re-building ‘introduction.Rmd’ using rmarkdown
Warning in engine$weave(file, quiet = quiet, encoding = enc) :
Pandoc (>= 1.12.3) and/or pandoc-citeproc not available. Falling back to R Markdown v1.
Quitting from lines 83-117 (introduction.Rmd)
Error: processing vignette 'introduction.Rmd' failed with diagnostics:
cannot open the connection
--- failed re-building ‘introduction.Rmd’
SUMMARY: processing the following file failed:
‘introduction.Rmd’
Error: Vignette re-building failed.
Execution halted
Flavors: r-patched-solaris-x86, r-release-osx-x86_64
Version: 0.4.3
Check: re-building of vignette outputs
Result: WARN
Error in re-building vignettes:
...
Warning in engine$weave(file, quiet = quiet, encoding = enc) :
Pandoc (>= 1.12.3) and/or pandoc-citeproc not available. Falling back to R Markdown v1.
Quitting from lines 83-117 (introduction.Rmd)
Error: processing vignette 'introduction.Rmd' failed with diagnostics:
cannot open the connection
Execution halted
Flavor: r-oldrel-osx-x86_64