Last updated on 2019-05-01 01:51:59 CEST.
Flavor | Version | Tinstall | Tcheck | Ttotal | Status | Flags |
---|---|---|---|---|---|---|
r-devel-linux-x86_64-debian-clang | 1.2-1 | 30.13 | 165.67 | 195.80 | OK | |
r-devel-linux-x86_64-debian-gcc | 1.2-1 | 24.99 | 128.70 | 153.69 | OK | |
r-devel-linux-x86_64-fedora-clang | 1.2-1 | 238.30 | NOTE | |||
r-devel-linux-x86_64-fedora-gcc | 1.2-1 | 230.76 | NOTE | |||
r-patched-linux-x86_64 | 1.2-1 | 26.69 | 168.45 | 195.14 | OK | |
r-patched-solaris-x86 | 1.2-1 | 327.20 | OK | |||
r-release-linux-x86_64 | 1.2-1 | 28.96 | 166.22 | 195.18 | OK | |
r-release-windows-ix86+x86_64 | 1.2-1 | 82.00 | 326.00 | 408.00 | OK | |
r-release-osx-x86_64 | 1.2-1 | OK | ||||
r-oldrel-windows-ix86+x86_64 | 1.2-1 | 72.00 | 325.00 | 397.00 | OK | |
r-oldrel-osx-x86_64 | 1.2-1 | OK |
Version: 1.2-1
Check: compiled code
Result: NOTE
File ‘quantspec/libs/quantspec.so’:
Found no calls to: ‘R_registerRoutines’, ‘R_useDynamicSymbols’
It is good practice to register native routines and to disable symbol
search.
See ‘Writing portable packages’ in the ‘Writing R Extensions’ manual.
Flavors: r-devel-linux-x86_64-fedora-clang, r-devel-linux-x86_64-fedora-gcc