Last updated on 2019-05-01 01:51:59 CEST.
Flavor | Version | Tinstall | Tcheck | Ttotal | Status | Flags |
---|---|---|---|---|---|---|
r-devel-linux-x86_64-debian-clang | 1.5.0 | 4.75 | 64.16 | 68.91 | OK | |
r-devel-linux-x86_64-debian-gcc | 1.5.0 | 3.67 | 49.77 | 53.44 | OK | |
r-devel-linux-x86_64-fedora-clang | 1.5.0 | 82.90 | NOTE | |||
r-devel-linux-x86_64-fedora-gcc | 1.5.0 | 80.22 | NOTE | |||
r-patched-linux-x86_64 | 1.5.0 | 5.35 | 62.44 | 67.79 | OK | |
r-patched-solaris-x86 | 1.5.0 | 115.20 | NOTE | |||
r-release-linux-x86_64 | 1.5.0 | 5.13 | 61.91 | 67.04 | OK | |
r-release-windows-ix86+x86_64 | 1.5.0 | 22.00 | 100.00 | 122.00 | OK | |
r-release-osx-x86_64 | 1.5.0 | NOTE | ||||
r-oldrel-windows-ix86+x86_64 | 1.5.0 | 11.00 | 101.00 | 112.00 | OK | |
r-oldrel-osx-x86_64 | 1.5.0 | NOTE |
Version: 1.5.0
Check: dependencies in R code
Result: NOTE
Namespace in Imports field not imported from: ‘psych’
All declared Imports should be used.
Flavors: r-devel-linux-x86_64-fedora-clang, r-devel-linux-x86_64-fedora-gcc, r-patched-solaris-x86, r-release-osx-x86_64, r-oldrel-osx-x86_64