CRAN Package Check Results for Package rags2ridges

Last updated on 2019-05-01 01:51:59 CEST.

Flavor Version Tinstall Tcheck Ttotal Status Flags
r-devel-linux-x86_64-debian-clang 2.2.1 50.72 183.24 233.96 OK
r-devel-linux-x86_64-debian-gcc 2.2.1 42.89 138.17 181.06 OK
r-devel-linux-x86_64-fedora-clang 2.2.1 289.93 NOTE
r-devel-linux-x86_64-fedora-gcc 2.2.1 279.07 NOTE
r-patched-linux-x86_64 2.2.1 49.55 179.56 229.11 OK
r-patched-solaris-x86 2.2.1 381.70 NOTE
r-release-linux-x86_64 2.2.1 49.23 177.13 226.36 OK
r-release-windows-ix86+x86_64 2.2.1 122.00 443.00 565.00 OK
r-release-osx-x86_64 2.2.1 ERROR
r-oldrel-windows-ix86+x86_64 2.2.1 118.00 383.00 501.00 OK
r-oldrel-osx-x86_64 2.2.1 NOTE

Check Details

Version: 2.2.1
Check: dependencies in R code
Result: NOTE
    Namespace in Imports field not imported from: ‘Rcpp’
     All declared Imports should be used.
Flavors: r-devel-linux-x86_64-fedora-clang, r-devel-linux-x86_64-fedora-gcc, r-patched-solaris-x86, r-oldrel-osx-x86_64

Version: 2.2.1
Check: package dependencies
Result: ERROR
    Packages required but not available: 'gRbase', 'RBGL', 'graph'
    
    Package suggested but not available for checking: ‘KEGGgraph’
    
    See section ‘The DESCRIPTION file’ in the ‘Writing R Extensions’
    manual.
Flavor: r-release-osx-x86_64

Version: 2.2.1
Check: installed package size
Result: NOTE
     installed size is 5.9Mb
     sub-directories of 1Mb or more:
     R 1.0Mb
     libs 4.3Mb
Flavor: r-oldrel-osx-x86_64