CRAN Package Check Results for Package randstr

Last updated on 2019-05-01 01:51:59 CEST.

Flavor Version Tinstall Tcheck Ttotal Status Flags
r-devel-linux-x86_64-debian-clang 0.2.0 1.69 17.33 19.02 OK
r-devel-linux-x86_64-debian-gcc 0.2.0 1.45 14.68 16.13 OK
r-devel-linux-x86_64-fedora-clang 0.2.0 23.37 OK
r-devel-linux-x86_64-fedora-gcc 0.2.0 22.60 OK
r-patched-linux-x86_64 0.2.0 1.67 17.43 19.10 OK
r-patched-solaris-x86 0.2.0 41.30 OK
r-release-linux-x86_64 0.2.0 1.61 17.49 19.10 OK
r-release-windows-ix86+x86_64 0.2.0 3.00 3.00 6.00 ERROR
r-release-osx-x86_64 0.2.0 OK
r-oldrel-windows-ix86+x86_64 0.2.0 3.00 5.00 8.00 ERROR
r-oldrel-osx-x86_64 0.2.0 OK

Check Details

Version: 0.2.0
Check: whether package can be installed
Result: ERROR
    Installation failed.
Flavors: r-release-windows-ix86+x86_64, r-oldrel-windows-ix86+x86_64