Last updated on 2019-05-01 01:51:59 CEST.
Flavor | Version | Tinstall | Tcheck | Ttotal | Status | Flags |
---|---|---|---|---|---|---|
r-devel-linux-x86_64-debian-clang | 0.10.1 | 84.97 | 51.80 | 136.77 | OK | |
r-devel-linux-x86_64-debian-gcc | 0.10.1 | 71.47 | 42.70 | 114.17 | OK | |
r-devel-linux-x86_64-fedora-clang | 0.10.1 | 208.17 | OK | |||
r-devel-linux-x86_64-fedora-gcc | 0.10.1 | 198.66 | OK | |||
r-patched-linux-x86_64 | 0.10.1 | 80.94 | 51.72 | 132.66 | OK | |
r-patched-solaris-x86 | 0.10.1 | 230.00 | OK | |||
r-release-linux-x86_64 | 0.10.1 | 82.56 | 52.47 | 135.03 | OK | |
r-release-windows-ix86+x86_64 | 0.10.1 | 216.00 | 151.00 | 367.00 | OK | |
r-release-osx-x86_64 | 0.10.1 | WARN | ||||
r-oldrel-windows-ix86+x86_64 | 0.10.1 | 226.00 | 104.00 | 330.00 | OK | |
r-oldrel-osx-x86_64 | 0.10.1 | OK |
Version: 0.10.1
Check: whether package can be installed
Result: WARN
Found the following significant warnings:
Warning: 'rgl_init' failed, running with rgl.useNULL = TRUE
Flavor: r-release-osx-x86_64