Last updated on 2019-05-01 01:51:59 CEST.
Flavor | Version | Tinstall | Tcheck | Ttotal | Status | Flags |
---|---|---|---|---|---|---|
r-devel-linux-x86_64-debian-clang | 0.3.7 | 1.78 | 22.36 | 24.14 | OK | |
r-devel-linux-x86_64-debian-gcc | 0.3.7 | 1.71 | 18.76 | 20.47 | OK | |
r-devel-linux-x86_64-fedora-clang | 0.3.7 | 29.57 | NOTE | |||
r-devel-linux-x86_64-fedora-gcc | 0.3.7 | 30.25 | NOTE | |||
r-patched-linux-x86_64 | 0.3.7 | 1.91 | 22.44 | 24.35 | OK | |
r-patched-solaris-x86 | 0.3.7 | 46.50 | NOTE | |||
r-release-linux-x86_64 | 0.3.7 | 2.11 | 22.51 | 24.62 | OK | |
r-release-windows-ix86+x86_64 | 0.3.7 | 9.00 | 55.00 | 64.00 | OK | |
r-release-osx-x86_64 | 0.3.7 | NOTE | ||||
r-oldrel-windows-ix86+x86_64 | 0.3.7 | 6.00 | 48.00 | 54.00 | OK | |
r-oldrel-osx-x86_64 | 0.3.7 | NOTE |
Version: 0.3.7
Check: dependencies in R code
Result: NOTE
Namespace in Imports field not imported from: ‘dplyr’
All declared Imports should be used.
Flavors: r-devel-linux-x86_64-fedora-clang, r-devel-linux-x86_64-fedora-gcc, r-patched-solaris-x86, r-release-osx-x86_64, r-oldrel-osx-x86_64