CRAN Package Check Results for Package rclimateca

Last updated on 2019-05-01 01:51:59 CEST.

Flavor Version Tinstall Tcheck Ttotal Status Flags
r-devel-linux-x86_64-debian-clang 1.0.2 6.03 65.54 71.57 OK
r-devel-linux-x86_64-debian-gcc 1.0.2 5.27 51.15 56.42 OK
r-devel-linux-x86_64-fedora-clang 1.0.2 85.44 NOTE
r-devel-linux-x86_64-fedora-gcc 1.0.2 80.17 NOTE
r-patched-linux-x86_64 1.0.2 6.05 64.56 70.61 OK
r-patched-solaris-x86 1.0.2 111.60 NOTE
r-release-linux-x86_64 1.0.2 6.05 63.00 69.05 OK
r-release-windows-ix86+x86_64 1.0.2 14.00 131.00 145.00 OK
r-release-osx-x86_64 1.0.2 NOTE
r-oldrel-windows-ix86+x86_64 1.0.2 9.00 129.00 138.00 OK
r-oldrel-osx-x86_64 1.0.2 NOTE

Check Details

Version: 1.0.2
Check: data for non-ASCII characters
Result: NOTE
     Note: found 24 marked UTF-8 strings
Flavors: r-devel-linux-x86_64-fedora-clang, r-devel-linux-x86_64-fedora-gcc, r-patched-solaris-x86, r-release-osx-x86_64, r-oldrel-osx-x86_64