CRAN Package Check Results for Package reverseR

Last updated on 2019-05-01 01:52:00 CEST.

Flavor Version Tinstall Tcheck Ttotal Status Flags
r-devel-linux-x86_64-debian-clang 0.1 3.37 47.36 50.73 OK
r-devel-linux-x86_64-debian-gcc 0.1 3.08 37.36 40.44 OK
r-devel-linux-x86_64-fedora-clang 0.1 59.51 NOTE
r-devel-linux-x86_64-fedora-gcc 0.1 60.00 NOTE
r-patched-linux-x86_64 0.1 3.79 46.93 50.72 OK
r-patched-solaris-x86 0.1 80.60 NOTE
r-release-linux-x86_64 0.1 3.84 47.16 51.00 OK
r-release-windows-ix86+x86_64 0.1 8.00 59.00 67.00 OK
r-release-osx-x86_64 0.1 NOTE
r-oldrel-windows-ix86+x86_64 0.1 6.00 78.00 84.00 OK
r-oldrel-osx-x86_64 0.1 NOTE

Check Details

Version: 0.1
Check: dependencies in R code
Result: NOTE
    Namespace in Imports field not imported from: ‘DT’
     All declared Imports should be used.
Flavors: r-devel-linux-x86_64-fedora-clang, r-devel-linux-x86_64-fedora-gcc, r-patched-solaris-x86, r-release-osx-x86_64, r-oldrel-osx-x86_64