CRAN Package Check Results for Package rfigshare

Last updated on 2019-05-01 01:52:00 CEST.

Flavor Version Tinstall Tcheck Ttotal Status Flags
r-devel-linux-x86_64-debian-clang 0.3.7 4.52 47.24 51.76 NOTE
r-devel-linux-x86_64-debian-gcc 0.3.7 3.57 37.35 40.92 NOTE
r-devel-linux-x86_64-fedora-clang 0.3.7 61.81 NOTE
r-devel-linux-x86_64-fedora-gcc 0.3.7 58.86 NOTE
r-patched-linux-x86_64 0.3.7 4.47 45.90 50.37 NOTE
r-patched-solaris-x86 0.3.7 90.40 NOTE
r-release-linux-x86_64 0.3.7 4.52 45.79 50.31 NOTE
r-release-windows-ix86+x86_64 0.3.7 25.00 109.00 134.00 NOTE
r-release-osx-x86_64 0.3.7 NOTE
r-oldrel-windows-ix86+x86_64 0.3.7 12.00 82.00 94.00 NOTE
r-oldrel-osx-x86_64 0.3.7 NOTE

Check Details

Version: 0.3.7
Check: R code for possible problems
Result: NOTE
    fs_author_ids : <anonymous>: no visible global function definition for
     'select.list'
    fs_download : <anonymous>: no visible global function definition for
     'download.file'
    Undefined global functions or variables:
     download.file select.list
    Consider adding
     importFrom("utils", "download.file", "select.list")
    to your NAMESPACE file.
Flavors: r-devel-linux-x86_64-debian-clang, r-devel-linux-x86_64-debian-gcc, r-devel-linux-x86_64-fedora-clang, r-devel-linux-x86_64-fedora-gcc, r-patched-linux-x86_64, r-patched-solaris-x86, r-release-linux-x86_64, r-release-windows-ix86+x86_64, r-release-osx-x86_64, r-oldrel-windows-ix86+x86_64, r-oldrel-osx-x86_64