CRAN Package Check Results for Package robustSingleCell

Last updated on 2019-05-01 01:52:01 CEST.

Flavor Version Tinstall Tcheck Ttotal Status Flags
r-devel-linux-x86_64-debian-clang 0.1.1 21.10 103.50 124.60 OK
r-devel-linux-x86_64-debian-gcc 0.1.1 16.86 80.26 97.12 OK
r-devel-linux-x86_64-fedora-clang 0.1.1 146.70 OK
r-devel-linux-x86_64-fedora-gcc 0.1.1 137.34 OK
r-patched-linux-x86_64 0.1.1 20.42 99.92 120.34 OK
r-patched-solaris-x86 0.1.1 225.10 OK
r-release-linux-x86_64 0.1.1 20.47 100.91 121.38 OK
r-release-windows-ix86+x86_64 0.1.1 42.00 255.00 297.00 OK
r-release-osx-x86_64 0.1.1 ERROR
r-oldrel-windows-ix86+x86_64 0.1.1 41.00 251.00 292.00 OK
r-oldrel-osx-x86_64 0.1.1 OK

Check Details

Version: 0.1.1
Check: package dependencies
Result: ERROR
    Packages required but not available: 'limma', 'biomaRt'
    
    Package suggested but not available for checking: ‘GEOquery’
    
    See section ‘The DESCRIPTION file’ in the ‘Writing R Extensions’
    manual.
Flavor: r-release-osx-x86_64