Last updated on 2019-05-01 01:52:01 CEST.
Flavor | Version | Tinstall | Tcheck | Ttotal | Status | Flags |
---|---|---|---|---|---|---|
r-devel-linux-x86_64-debian-clang | 0.1.1 | 3.56 | 33.54 | 37.10 | OK | |
r-devel-linux-x86_64-debian-gcc | 0.1.1 | 3.03 | 25.97 | 29.00 | OK | |
r-devel-linux-x86_64-fedora-clang | 0.1.1 | 44.87 | NOTE | |||
r-devel-linux-x86_64-fedora-gcc | 0.1.1 | 40.32 | NOTE | |||
r-patched-linux-x86_64 | 0.1.1 | 3.80 | 32.13 | 35.93 | OK | |
r-patched-solaris-x86 | 0.1.1 | 69.70 | NOTE | |||
r-release-linux-x86_64 | 0.1.1 | 3.80 | 32.00 | 35.80 | OK | |
r-release-windows-ix86+x86_64 | 0.1.1 | 10.00 | 70.00 | 80.00 | OK | |
r-release-osx-x86_64 | 0.1.1 | NOTE | ||||
r-oldrel-windows-ix86+x86_64 | 0.1.1 | 7.00 | 61.00 | 68.00 | OK | |
r-oldrel-osx-x86_64 | 0.1.1 | NOTE |
Version: 0.1.1
Check: dependencies in R code
Result: NOTE
Namespace in Imports field not imported from: ‘stringr’
All declared Imports should be used.
Flavors: r-devel-linux-x86_64-fedora-clang, r-devel-linux-x86_64-fedora-gcc, r-patched-solaris-x86, r-release-osx-x86_64, r-oldrel-osx-x86_64
Version: 0.1.1
Check: data for non-ASCII characters
Result: NOTE
Note: found 59 marked UTF-8 strings
Flavors: r-devel-linux-x86_64-fedora-clang, r-devel-linux-x86_64-fedora-gcc, r-patched-solaris-x86, r-release-osx-x86_64, r-oldrel-osx-x86_64