Last updated on 2019-05-01 01:52:01 CEST.
Flavor | Version | Tinstall | Tcheck | Ttotal | Status | Flags |
---|---|---|---|---|---|---|
r-devel-linux-x86_64-debian-clang | 0.1 | 23.18 | 52.58 | 75.76 | OK | |
r-devel-linux-x86_64-debian-gcc | 0.1 | 21.36 | 45.01 | 66.37 | OK | |
r-devel-linux-x86_64-fedora-clang | 0.1 | 97.71 | NOTE | |||
r-devel-linux-x86_64-fedora-gcc | 0.1 | 83.51 | OK | |||
r-patched-linux-x86_64 | 0.1 | 22.01 | 53.84 | 75.85 | OK | |
r-patched-solaris-x86 | 0.1 | 192.70 | NOTE | |||
r-release-linux-x86_64 | 0.1 | 21.35 | 53.22 | 74.57 | OK | |
r-release-windows-ix86+x86_64 | 0.1 | 55.00 | 71.00 | 126.00 | NOTE | |
r-release-osx-x86_64 | 0.1 | NOTE | ||||
r-oldrel-windows-ix86+x86_64 | 0.1 | 26.00 | 51.00 | 77.00 | NOTE | |
r-oldrel-osx-x86_64 | 0.1 | NOTE |
Version: 0.1
Check: installed package size
Result: NOTE
installed size is 5.5Mb
sub-directories of 1Mb or more:
R 2.7Mb
extdata 2.7Mb
Flavors: r-devel-linux-x86_64-fedora-clang, r-patched-solaris-x86, r-release-windows-ix86+x86_64, r-release-osx-x86_64, r-oldrel-windows-ix86+x86_64, r-oldrel-osx-x86_64