CRAN Package Check Results for Package rrtable

Last updated on 2019-05-01 01:52:02 CEST.

Flavor Version Tinstall Tcheck Ttotal Status Flags
r-devel-linux-x86_64-debian-clang 0.1.0 8.57 92.84 101.41 OK
r-devel-linux-x86_64-debian-gcc 0.1.0 6.28 73.68 79.96 OK
r-devel-linux-x86_64-fedora-clang 0.1.0 131.13 OK
r-devel-linux-x86_64-fedora-gcc 0.1.0 104.91 OK
r-patched-linux-x86_64 0.1.0 8.65 88.78 97.43 OK
r-patched-solaris-x86 0.1.0 151.00 WARN
r-release-linux-x86_64 0.1.0 8.30 88.67 96.97 OK
r-release-windows-ix86+x86_64 0.1.0 31.00 152.00 183.00 OK
r-release-osx-x86_64 0.1.0 WARN
r-oldrel-windows-ix86+x86_64 0.1.0 26.00 134.00 160.00 OK
r-oldrel-osx-x86_64 0.1.0 WARN

Check Details

Version: 0.1.0
Check: re-building of vignette outputs
Result: WARN
    Error(s) in re-building vignettes:
     ...
    --- re-building ‘rrtable.Rmd’ using rmarkdown
    Warning in engine$weave(file, quiet = quiet, encoding = enc) :
     Pandoc (>= 1.12.3) and/or pandoc-citeproc not available. Falling back to R Markdown v1.
    Loading required package: moonBook
    Loading required package: ztable
    Welcome to package ztable ver 0.2.0
    Loading required package: rrtable
    
    Attaching package: 'rrtable'
    
    The following object is masked from 'package:ztable':
    
     roundDf
    
    Loading required package: ggplot2
    Quitting from lines 68-69 (rrtable.Rmd)
    Error: processing vignette 'rrtable.Rmd' failed with diagnostics:
    `render_flextable` needs to be used as a renderer for a knitr/rmarkdown R code chunk (render by rmarkdown)
    --- failed re-building ‘rrtable.Rmd’
    
    SUMMARY: processing the following file failed:
     ‘rrtable.Rmd’
    
    Error: Vignette re-building failed.
    Execution halted
Flavor: r-patched-solaris-x86

Version: 0.1.0
Check: re-building of vignette outputs
Result: WARN
    Error(s) in re-building vignettes:
    --- re-building ‘rrtable.Rmd’ using rmarkdown
    Warning in engine$weave(file, quiet = quiet, encoding = enc) :
     Pandoc (>= 1.12.3) and/or pandoc-citeproc not available. Falling back to R Markdown v1.
    Loading required package: moonBook
    Loading required package: ztable
    Welcome to package ztable ver 0.2.0
    Loading required package: rrtable
    
    Attaching package: 'rrtable'
    
    The following object is masked from 'package:ztable':
    
     roundDf
    
    Loading required package: ggplot2
    Quitting from lines 68-69 (rrtable.Rmd)
    Error: processing vignette 'rrtable.Rmd' failed with diagnostics:
    `render_flextable` needs to be used as a renderer for a knitr/rmarkdown R code chunk (render by rmarkdown)
    --- failed re-building ‘rrtable.Rmd’
    
    SUMMARY: processing the following file failed:
     ‘rrtable.Rmd’
    
    Error: Vignette re-building failed.
    Execution halted
Flavor: r-release-osx-x86_64

Version: 0.1.0
Check: re-building of vignette outputs
Result: WARN
    Error in re-building vignettes:
     ...
    Warning in engine$weave(file, quiet = quiet, encoding = enc) :
     Pandoc (>= 1.12.3) and/or pandoc-citeproc not available. Falling back to R Markdown v1.
    Loading required package: moonBook
    Loading required package: ztable
    Welcome to package ztable ver 0.2.0
    Loading required package: rrtable
    
    Attaching package: 'rrtable'
    
    The following object is masked from 'package:ztable':
    
     roundDf
    
    Loading required package: ggplot2
    Quitting from lines 68-69 (rrtable.Rmd)
    Error: processing vignette 'rrtable.Rmd' failed with diagnostics:
    `render_flextable` needs to be used as a renderer for a knitr/rmarkdown R code chunk (render by rmarkdown)
    Execution halted
Flavor: r-oldrel-osx-x86_64