Last updated on 2019-05-01 01:52:02 CEST.
Flavor | Version | Tinstall | Tcheck | Ttotal | Status | Flags |
---|---|---|---|---|---|---|
r-devel-linux-x86_64-debian-clang | 0.3.9200 | 2.14 | 25.26 | 27.40 | NOTE | |
r-devel-linux-x86_64-debian-gcc | 0.3.9200 | 1.73 | 20.86 | 22.59 | NOTE | |
r-devel-linux-x86_64-fedora-clang | 0.3.9200 | 33.55 | NOTE | |||
r-devel-linux-x86_64-fedora-gcc | 0.3.9200 | 31.75 | NOTE | |||
r-patched-linux-x86_64 | 0.3.9200 | 2.09 | 25.23 | 27.32 | NOTE | |
r-patched-solaris-x86 | 0.3.9200 | 49.50 | NOTE | |||
r-release-linux-x86_64 | 0.3.9200 | 1.68 | 25.43 | 27.11 | NOTE | |
r-release-windows-ix86+x86_64 | 0.3.9200 | 6.00 | 50.00 | 56.00 | NOTE | |
r-release-osx-x86_64 | 0.3.9200 | NOTE | ||||
r-oldrel-windows-ix86+x86_64 | 0.3.9200 | 5.00 | 33.00 | 38.00 | NOTE | |
r-oldrel-osx-x86_64 | 0.3.9200 | NOTE |
Version: 0.3.9200
Check: R code for possible problems
Result: NOTE
stripslash: no visible global function definition for 'tail'
Undefined global functions or variables:
tail
Consider adding
importFrom("utils", "tail")
to your NAMESPACE file.
Flavors: r-devel-linux-x86_64-debian-clang, r-devel-linux-x86_64-debian-gcc, r-devel-linux-x86_64-fedora-clang, r-devel-linux-x86_64-fedora-gcc, r-patched-linux-x86_64, r-patched-solaris-x86, r-release-linux-x86_64, r-release-windows-ix86+x86_64, r-release-osx-x86_64, r-oldrel-windows-ix86+x86_64, r-oldrel-osx-x86_64