CRAN Package Check Results for Package rstantools

Last updated on 2019-05-01 01:52:02 CEST.

Flavor Version Tinstall Tcheck Ttotal Status Flags
r-devel-linux-x86_64-debian-clang 1.5.1 1.89 24.69 26.58 OK
r-devel-linux-x86_64-debian-gcc 1.5.1 1.53 20.56 22.09 OK
r-devel-linux-x86_64-fedora-clang 1.5.1 32.23 OK
r-devel-linux-x86_64-fedora-gcc 1.5.1 32.06 OK
r-patched-linux-x86_64 1.5.1 1.82 24.76 26.58 OK
r-patched-solaris-x86 1.5.1 48.20 WARN
r-release-linux-x86_64 1.5.1 1.92 24.67 26.59 OK
r-release-windows-ix86+x86_64 1.5.1 8.00 58.00 66.00 OK
r-release-osx-x86_64 1.5.1 WARN
r-oldrel-windows-ix86+x86_64 1.5.1 5.00 51.00 56.00 OK
r-oldrel-osx-x86_64 1.5.1 WARN

Check Details

Version: 1.5.1
Check: re-building of vignette outputs
Result: WARN
    Error(s) in re-building vignettes:
     ...
    --- re-building ‘developer-guidelines.Rmd’ using rmarkdown
    Warning in engine$weave(file, quiet = quiet, encoding = enc) :
     Pandoc (>= 1.12.3) and/or pandoc-citeproc not available. Falling back to R Markdown v1.
    --- finished re-building ‘developer-guidelines.Rmd’
    
    --- re-building ‘minimal-rstan-package.Rmd’ using rmarkdown
    Warning in engine$weave(file, quiet = quiet, encoding = enc) :
     Pandoc (>= 1.12.3) and/or pandoc-citeproc not available. Falling back to R Markdown v1.
    Quitting from lines 17-22 (minimal-rstan-package.Rmd)
    Error: processing vignette 'minimal-rstan-package.Rmd' failed with diagnostics:
    object 'params' not found
    --- failed re-building ‘minimal-rstan-package.Rmd’
    
    SUMMARY: processing the following file failed:
     ‘minimal-rstan-package.Rmd’
    
    Error: Vignette re-building failed.
    Execution halted
Flavors: r-patched-solaris-x86, r-release-osx-x86_64

Version: 1.5.1
Check: re-building of vignette outputs
Result: WARN
    Error in re-building vignettes:
     ...
    Warning in engine$weave(file, quiet = quiet, encoding = enc) :
     Pandoc (>= 1.12.3) and/or pandoc-citeproc not available. Falling back to R Markdown v1.
    Warning in engine$weave(file, quiet = quiet, encoding = enc) :
     Pandoc (>= 1.12.3) and/or pandoc-citeproc not available. Falling back to R Markdown v1.
    Quitting from lines 17-22 (minimal-rstan-package.Rmd)
    Error: processing vignette 'minimal-rstan-package.Rmd' failed with diagnostics:
    object 'params' not found
    Execution halted
Flavor: r-oldrel-osx-x86_64