Last updated on 2019-05-01 01:52:02 CEST.
Flavor | Version | Tinstall | Tcheck | Ttotal | Status | Flags |
---|---|---|---|---|---|---|
r-devel-linux-x86_64-debian-clang | 1.0.0 | 12.29 | 63.78 | 76.07 | OK | |
r-devel-linux-x86_64-debian-gcc | 1.0.0 | 10.25 | 50.28 | 60.53 | OK | |
r-devel-linux-x86_64-fedora-clang | 1.0.0 | 92.66 | NOTE | |||
r-devel-linux-x86_64-fedora-gcc | 1.0.0 | 94.61 | OK | |||
r-patched-linux-x86_64 | 1.0.0 | 11.40 | 62.56 | 73.96 | OK | |
r-patched-solaris-x86 | 1.0.0 | 156.60 | NOTE | |||
r-release-linux-x86_64 | 1.0.0 | 10.25 | 63.30 | 73.55 | OK | |
r-release-windows-ix86+x86_64 | 1.0.0 | 23.00 | 99.00 | 122.00 | NOTE | |
r-release-osx-x86_64 | 1.0.0 | NOTE | ||||
r-oldrel-windows-ix86+x86_64 | 1.0.0 | 18.00 | 97.00 | 115.00 | NOTE | |
r-oldrel-osx-x86_64 | 1.0.0 | NOTE |
Version: 1.0.0
Check: installed package size
Result: NOTE
installed size is 6.1Mb
sub-directories of 1Mb or more:
data 5.9Mb
Flavors: r-devel-linux-x86_64-fedora-clang, r-patched-solaris-x86, r-release-windows-ix86+x86_64, r-release-osx-x86_64, r-oldrel-windows-ix86+x86_64, r-oldrel-osx-x86_64