CRAN Package Check Results for Package rsvg

Last updated on 2019-05-01 01:52:02 CEST.

Flavor Version Tinstall Tcheck Ttotal Status Flags
r-devel-linux-x86_64-debian-clang 1.3 2.42 22.51 24.93 OK
r-devel-linux-x86_64-debian-gcc 1.3 2.01 18.77 20.78 OK
r-devel-linux-x86_64-fedora-clang 1.3 30.91 OK
r-devel-linux-x86_64-fedora-gcc 1.3 30.37 OK
r-patched-linux-x86_64 1.3 2.37 22.60 24.97 OK
r-release-linux-x86_64 1.3 2.23 22.23 24.46 OK
r-release-windows-ix86+x86_64 1.3 38.00 149.00 187.00 NOTE
r-release-osx-x86_64 1.3 NOTE
r-oldrel-windows-ix86+x86_64 1.3 36.00 118.00 154.00 NOTE
r-oldrel-osx-x86_64 1.3 NOTE

Check Details

Version: 1.3
Check: installed package size
Result: NOTE
     installed size is 17.5Mb
     sub-directories of 1Mb or more:
     libs 17.4Mb
Flavors: r-release-windows-ix86+x86_64, r-release-osx-x86_64, r-oldrel-windows-ix86+x86_64, r-oldrel-osx-x86_64