Last updated on 2019-05-01 01:52:02 CEST.
Flavor | Version | Tinstall | Tcheck | Ttotal | Status | Flags |
---|---|---|---|---|---|---|
r-devel-linux-x86_64-debian-clang | 0.1.0 | 1.47 | 17.56 | 19.03 | OK | |
r-devel-linux-x86_64-debian-gcc | 0.1.0 | 1.40 | 14.78 | 16.18 | OK | |
r-devel-linux-x86_64-fedora-clang | 0.1.0 | 23.50 | NOTE | |||
r-devel-linux-x86_64-fedora-gcc | 0.1.0 | 23.82 | NOTE | |||
r-patched-linux-x86_64 | 0.1.0 | 1.63 | 18.02 | 19.65 | OK | |
r-patched-solaris-x86 | 0.1.0 | 37.20 | NOTE | |||
r-release-linux-x86_64 | 0.1.0 | 1.64 | 17.64 | 19.28 | OK | |
r-release-windows-ix86+x86_64 | 0.1.0 | 5.00 | 41.00 | 46.00 | OK | |
r-release-osx-x86_64 | 0.1.0 | NOTE | ||||
r-oldrel-windows-ix86+x86_64 | 0.1.0 | 3.00 | 34.00 | 37.00 | OK | |
r-oldrel-osx-x86_64 | 0.1.0 | NOTE |
Version: 0.1.0
Check: dependencies in R code
Result: NOTE
Namespace in Imports field not imported from: ‘dplyr’
All declared Imports should be used.
Flavors: r-devel-linux-x86_64-fedora-clang, r-devel-linux-x86_64-fedora-gcc, r-patched-solaris-x86, r-release-osx-x86_64, r-oldrel-osx-x86_64