CRAN Package Check Results for Package rugarch

Last updated on 2019-05-01 01:52:02 CEST.

Flavor Version Tinstall Tcheck Ttotal Status Flags
r-devel-linux-x86_64-debian-clang 1.4-1 81.81 274.41 356.22 OK
r-devel-linux-x86_64-debian-gcc 1.4-1 70.86 210.19 281.05 OK
r-devel-linux-x86_64-fedora-clang 1.4-1 430.17 NOTE
r-devel-linux-x86_64-fedora-gcc 1.4-1 437.66 OK
r-patched-linux-x86_64 1.4-1 79.76 277.58 357.34 OK
r-patched-solaris-x86 1.4-1 500.20 NOTE
r-release-linux-x86_64 1.4-1 81.33 277.78 359.11 OK
r-release-windows-ix86+x86_64 1.4-1 174.00 376.00 550.00 NOTE
r-release-osx-x86_64 1.4-1 NOTE
r-oldrel-windows-ix86+x86_64 1.4-1 157.00 275.00 432.00 NOTE
r-oldrel-osx-x86_64 1.4-1 NOTE

Check Details

Version: 1.4-1
Check: installed package size
Result: NOTE
     installed size is 7.3Mb
     sub-directories of 1Mb or more:
     R 2.9Mb
     libs 2.0Mb
Flavors: r-devel-linux-x86_64-fedora-clang, r-patched-solaris-x86, r-release-windows-ix86+x86_64, r-release-osx-x86_64, r-oldrel-windows-ix86+x86_64, r-oldrel-osx-x86_64