CRAN Package Check Results for Package rwfec

Last updated on 2019-05-01 01:52:02 CEST.

Flavor Version Tinstall Tcheck Ttotal Status Flags
r-devel-linux-x86_64-debian-clang 0.2 20.89 20.64 41.53 OK
r-devel-linux-x86_64-debian-gcc 0.2 13.24 17.20 30.44 OK
r-devel-linux-x86_64-fedora-clang 0.2 56.64 NOTE
r-devel-linux-x86_64-fedora-gcc 0.2 51.57 NOTE
r-patched-linux-x86_64 0.2 17.34 21.15 38.49 OK
r-patched-solaris-x86 0.2 63.50 OK
r-release-linux-x86_64 0.2 16.42 20.75 37.17 OK
r-release-windows-ix86+x86_64 0.2 50.00 69.00 119.00 OK
r-release-osx-x86_64 0.2 OK
r-oldrel-windows-ix86+x86_64 0.2 50.00 46.00 96.00 OK
r-oldrel-osx-x86_64 0.2 OK

Check Details

Version: 0.2
Check: compiled code
Result: NOTE
    File ‘rwfec/libs/rwfec.so’:
     Found no calls to: ‘R_registerRoutines’, ‘R_useDynamicSymbols’
    
    It is good practice to register native routines and to disable symbol
    search.
    
    See ‘Writing portable packages’ in the ‘Writing R Extensions’ manual.
Flavors: r-devel-linux-x86_64-fedora-clang, r-devel-linux-x86_64-fedora-gcc