Last updated on 2019-05-01 01:52:02 CEST.
Flavor | Version | Tinstall | Tcheck | Ttotal | Status | Flags |
---|---|---|---|---|---|---|
r-devel-linux-x86_64-debian-clang | 1.0 | 5.32 | 169.64 | 174.96 | OK | |
r-devel-linux-x86_64-debian-gcc | 1.0 | 3.99 | 131.98 | 135.97 | OK | |
r-devel-linux-x86_64-fedora-clang | 1.0 | 200.53 | NOTE | |||
r-devel-linux-x86_64-fedora-gcc | 1.0 | 209.23 | NOTE | |||
r-patched-linux-x86_64 | 1.0 | 5.04 | 169.08 | 174.12 | OK | |
r-patched-solaris-x86 | 1.0 | 244.90 | NOTE | |||
r-release-linux-x86_64 | 1.0 | 3.98 | 168.95 | 172.93 | OK | |
r-release-windows-ix86+x86_64 | 1.0 | 19.00 | 222.00 | 241.00 | OK | |
r-release-osx-x86_64 | 1.0 | ERROR | ||||
r-oldrel-windows-ix86+x86_64 | 1.0 | 14.00 | 201.00 | 215.00 | OK | |
r-oldrel-osx-x86_64 | 1.0 | NOTE |
Version: 1.0
Check: dependencies in R code
Result: NOTE
Namespace in Imports field not imported from: ‘gridExtra’
All declared Imports should be used.
Flavors: r-devel-linux-x86_64-fedora-clang, r-devel-linux-x86_64-fedora-gcc, r-patched-solaris-x86, r-oldrel-osx-x86_64
Version: 1.0
Check: package dependencies
Result: ERROR
Package required but not available: ‘pcaMethods’
See section ‘The DESCRIPTION file’ in the ‘Writing R Extensions’
manual.
Flavor: r-release-osx-x86_64