Last updated on 2019-05-01 01:52:03 CEST.
Flavor | Version | Tinstall | Tcheck | Ttotal | Status | Flags |
---|---|---|---|---|---|---|
r-devel-linux-x86_64-debian-clang | 1.0.1 | 43.26 | 96.09 | 139.35 | OK | |
r-devel-linux-x86_64-debian-gcc | 1.0.1 | 34.95 | 77.54 | 112.49 | OK | |
r-devel-linux-x86_64-fedora-clang | 1.0.1 | 178.14 | NOTE | |||
r-devel-linux-x86_64-fedora-gcc | 1.0.1 | 176.30 | NOTE | |||
r-patched-linux-x86_64 | 1.0.1 | 38.06 | 99.11 | 137.17 | OK | |
r-patched-solaris-x86 | 1.0.1 | 250.80 | OK | |||
r-release-linux-x86_64 | 1.0.1 | 41.13 | 96.03 | 137.16 | OK | |
r-release-windows-ix86+x86_64 | 1.0.1 | 101.00 | 217.00 | 318.00 | OK | |
r-release-osx-x86_64 | 1.0.1 | OK | ||||
r-oldrel-windows-ix86+x86_64 | 1.0.1 | 93.00 | 216.00 | 309.00 | OK | |
r-oldrel-osx-x86_64 | 1.0.1 | OK |
Version: 1.0.1
Check: compiled code
Result: NOTE
File ‘sbfc/libs/sbfc.so’:
Found no calls to: ‘R_registerRoutines’, ‘R_useDynamicSymbols’
It is good practice to register native routines and to disable symbol
search.
See ‘Writing portable packages’ in the ‘Writing R Extensions’ manual.
Flavors: r-devel-linux-x86_64-fedora-clang, r-devel-linux-x86_64-fedora-gcc