CRAN Package Check Results for Package seas

Last updated on 2019-05-01 01:52:03 CEST.

Flavor Version Tinstall Tcheck Ttotal Status Flags
r-devel-linux-x86_64-debian-clang 0.5-2 6.18 54.86 61.04 OK
r-devel-linux-x86_64-debian-gcc 0.5-2 5.28 41.99 47.27 OK
r-devel-linux-x86_64-fedora-clang 0.5-2 72.93 NOTE
r-devel-linux-x86_64-fedora-gcc 0.5-2 72.21 NOTE
r-patched-linux-x86_64 0.5-2 6.07 53.94 60.01 OK
r-patched-solaris-x86 0.5-2 97.30 NOTE
r-release-linux-x86_64 0.5-2 5.88 54.45 60.33 OK
r-release-windows-ix86+x86_64 0.5-2 20.00 140.00 160.00 OK
r-release-osx-x86_64 0.5-2 NOTE
r-oldrel-windows-ix86+x86_64 0.5-2 16.00 116.00 132.00 OK
r-oldrel-osx-x86_64 0.5-2 NOTE

Check Details

Version: 0.5-2
Check: data for non-ASCII characters
Result: NOTE
     Note: found 3 marked UTF-8 strings
Flavors: r-devel-linux-x86_64-fedora-clang, r-devel-linux-x86_64-fedora-gcc, r-patched-solaris-x86, r-release-osx-x86_64, r-oldrel-osx-x86_64

Version: 0.5-2
Check: installed package size
Result: NOTE
     installed size is 5.0Mb
     sub-directories of 1Mb or more:
     extdata 4.1Mb
Flavor: r-patched-solaris-x86